Let w(s) = s**3 - 25*s**2 - 62*s + 738. List the prime factors of w(31).
2, 29, 79
Let u be (-470)/4*684/(-95). Let p = u + -209. What are the prime factors of (p/(-39))/(((-5)/(-6))/(-5))?
2, 7
Suppose -5*v + 29336 = 3*q, -4*q + 39096 = 92*v - 88*v. List the prime factors of q.
9767
Let w(t) = t**2 + 12*t - 108. Let l be w(-18). Suppose -3*g = 4*u - 2243, -5*g + g + 2*u + 2976 = l. List the prime factors of g.
5, 149
Let b(h) be the second derivative of 7*h**4/12 + h**3/3 - 3*h**2/2 + 19*h + 1. List the prime factors of b(-6).
3, 79
Suppose 12852 = 4*v - 17516. Suppose 40*n = 53*n - v. What are the prime factors of n?
2, 73
Let x be (-86)/(-8) + 1/4. Suppose -3*t - 3*f = -36, -5*t + f = -43 - x. Suppose -t = s - 18. What are the prime factors of s?
7
Let y = 6815 + -4631. Suppose 2*m + y = 9*m. Suppose -3*z - 162 = -3*f + 180, -m = -3*f - 3*z. What are the prime factors of f?
109
Suppose -4*b + 3 = -2*b - 5*o, b + 3 = -2*o. Let k be 3*1/(-2)*(-3 - b). Suppose p - k*p + 10 = 0, 3*f + 5*p = 367. What are the prime factors of f?
2, 3, 19
Suppose -78*t = 3*q - 82*t - 14188, 4*q - 2*t - 18924 = 0. List the prime factors of q.
2, 7, 13
Let y = 11994 - 6957. Let b be y/4 - (-5)/(-20). Suppose 265 = -7*x + b. List the prime factors of x.
2, 71
Let p = 707 + 233. Let h = p - 556. Suppose -d = 2*r - 234, 90 + h = 4*r - d. List the prime factors of r.
2, 59
Suppose 2*y - 79 + 35 = 0. Suppose y*t - 48 = 20*t. List the prime factors of t.
2, 3
Suppose 0 = 23*a - 10987 - 205167. List the prime factors of a.
2, 37, 127
Suppose -9517 = -4*o + k, -11885 = -5*o - 0*k - k. Suppose -4*u = -o - 1598. What are the prime factors of u?
2, 7, 71
Let p(x) = -179*x + 1112. List the prime factors of p(-27).
5, 29, 41
Suppose 5033910 = 243*h - 9751911. What are the prime factors of h?
71, 857
Suppose 4*c = 112 - 8. Let j = c - 24. Suppose -4*k + 224 = j*q, 5*k - k + 588 = 5*q. List the prime factors of q.
2, 29
List the prime factors of (-69682)/(-10) + (-20 - (-99)/5).
2, 13, 67
Let y(s) = -18*s + 17. Suppose 32 = -7*b + 11*b. Let o be y(b). Let t = o + 241. What are the prime factors of t?
2, 3, 19
Suppose -16*k + 96 = 11*k - 11*k. Let w(u) = u**3 + 4*u**2 + 8*u + 1. Let z(c) = -c**3 + 1. Let o(d) = -w(d) - 2*z(d). What are the prime factors of o(k)?
3, 7
Suppose -h - 4*m + 18533 = -27860, -3 = 3*m. What are the prime factors of h?
13, 43, 83
Suppose 0 = -2*w - 1 + 3. Let t be 98/42*156/w. Suppose 7*g = -0*g + t. List the prime factors of g.
2, 13
Let n(k) = 89*k + 3129. What are the prime factors of n(36)?
3, 2111
Let m = -35 - -39. Let l(g) = -g**2 + 0 + 0 + 3*g + m*g. What are the prime factors of l(5)?
2, 5
Let v(a) = -2*a - 4. Let f be 5/(25/(-265)) - 1. Let j = f - -36. What are the prime factors of v(j)?
2
Suppose 3*b - 86*u + 91*u = 180585, 5*u = b - 60135. List the prime factors of b.
2, 3, 5, 17, 59
Let n(c) = -4*c**3 - 34*c**2 - 24*c - 29. What are the prime factors of n(-16)?
5, 1607
Let d be ((-68)/(-8) - 9)*(1 + -3693). Let k = 3265 - d. List the prime factors of k.
3, 11, 43
Let s(z) = -4*z**2 + 16*z**3 + 1 + 5*z - 9*z**3 - z. Let m be s(3). Let d = -62 + m. List the prime factors of d.
2, 13
Suppose -3*i = 2*t - 6, -2*t - 6 = -3*i - 0*t. Suppose -46 = 2*k + 3*w + i*w, -4*k = 5*w + 102. What are the prime factors of (-12)/k - (-3590)/35?
103
Let h(z) = -5*z**3 + 2*z + 1. Let l be h(-1). Suppose -m + 8 = r + m, l*r = 4*m - 4. What are the prime factors of (-3)/r + 477/6?
2, 3, 13
Let r = 139 - -246. Suppose 2425 + r = 5*q. List the prime factors of q.
2, 281
Let o = -48 - -48. Let h(z) = -z**2 + 8*z + 1. Let l be h(5). Suppose 49*x - 51*x + l = o. What are the prime factors of x?
2
Let m = 266 - 77. Suppose -m = 6*t - 1719. What are the prime factors of t?
3, 5, 17
Let c(v) = -v**3 - 2. Let a be c(-2). Let p(s) = -s**2 + 9*s - 23. Let x be p(a). What are the prime factors of 62 + (-35)/x + -2?
67
Let g be -45*((-4)/(-16) + 414/(-120)). Suppose -49 = z - g. What are the prime factors of z?
5, 19
Let u be (0 - -1) + (-3 - (-8)/4). Suppose u = 78*j - 76*j - 450. What are the prime factors of j?
3, 5
Let d(x) = 3*x**2 - x - 5. Let w be d(11). Let a = w - 180. Let r = -104 + a. List the prime factors of r.
3, 7
Let m = -111 - -116. Suppose b = -3*x + 736, -3*b + 10*x - m*x = -2180. List the prime factors of b.
2, 5, 73
Let d = -3032 - -46748. What are the prime factors of d?
2, 3, 3643
Let i = -2095 + 4130. List the prime factors of i.
5, 11, 37
Let s = 58 + -71. Let r = s - -32. Let j = r - -55. What are the prime factors of j?
2, 37
Suppose -85*d + 52*d = -1162293. What are the prime factors of d?
35221
Let g be ((-4)/(-6) - (-5)/(-3))*-1. Let r = -1 + g. Suppose r = -s - 0*s + 73. List the prime factors of s.
73
What are the prime factors of (1 - 1) + 7 + (43417 - 108/27)?
2, 5, 13, 167
Let m(x) = -32*x**3 + 5*x**2 + 13*x - 13. Let b(t) = 15*t**3 - 3*t**2 - 6*t + 7. Let o(g) = -5*b(g) - 3*m(g). What are the prime factors of o(3)?
2, 17
Let r(z) = 2*z**2 - z - 13. Let d be r(3). Let s be (-24)/(-18)*(d + 7/(-2)). List the prime factors of (12 - 134)/(s/4).
2, 61
Let a(c) be the second derivative of -14*c**3 - 78*c**2 + 10*c. List the prime factors of a(-4).
2, 3, 5
Let n = 189 + -181. Suppose -v + 871 = -0*v. Suppose n*i = v - 39. What are the prime factors of i?
2, 13
Suppose -3*b + 28 = 4*b. Suppose -b*m + 41 = 3*o, 2*m - 5*o = 2 - 1. Let s = m - -17. What are the prime factors of s?
5
Let v(g) = 6*g + 66. Let q(j) = -15*j - 28. Let y be q(-3). List the prime factors of v(y).
2, 3, 7
Let z(i) = 570*i - 1043. List the prime factors of z(19).
9787
Let s(x) = 12*x + 36 - 94*x - 40*x + 1 + 81. What are the prime factors of s(-13)?
2, 3, 71
Let j be (3 - (-78)/(-30))*5. Suppose j + 3 = 5*o, -876 = -5*m + 4*o. List the prime factors of m.
2, 11
Let w(m) = -m**3 + 4*m**2 - 4*m + 2. Let l be w(2). Let s(i) = -10*i**l + 69*i - 13 - 67*i + i**3 - 2*i**3. List the prime factors of s(-11).
2, 43
Let d(s) = -82*s**3 + 2*s**2 - 2*s + 1. Let x be d(1). Let c = x - -90. List the prime factors of c/12 + 0 - (-26)/8.
2
Suppose 0*c + 12 = 3*c. Suppose 3*w + w - 180 = -4*v, -c*w + 177 = 5*v. What are the prime factors of -236*(-3)/w - 3/4?
2, 7
Let y be (-4)/(-2) + (-132)/(-66). Suppose k + 2*o - 926 = -o, -2*o + 3654 = y*k. What are the prime factors of k?
911
Suppose 3*u - 6*u + 3*n - 15 = 0, -4*u - 24 = -5*n. Let y be u + (-3739 - 5/1). What are the prime factors of y/(-25) + 8/(-10)?
149
Let s(f) = 2*f + 43. Let o(n) = 2*n**3 + 9*n**2 - 6*n - 4. Let p be o(-5). Let m(t) = -t - 1. Let a(d) = p*s(d) + 3*m(d). What are the prime factors of a(12)?
2, 7
Suppose 43*g - 34*g - 1557 = 0. Let t = g - 7. List the prime factors of t.
2, 83
Suppose 2*p - 7 = 5, 0 = 3*y - 4*p - 160641. List the prime factors of y.
5, 10711
Let b be (-365)/(-7) + (-9)/63. Let p = -167 + b. Let k = 164 + p. List the prime factors of k.
7
Let n = 1996 - 2000. Let g be 160 - (6/(-2) + 1). What are the prime factors of (-750)/(-7) + n + g/42?
107
Let x(v) = -2125*v + 244. Let b be x(-12). Suppose 0 = 14*n + 1272 - b. List the prime factors of n.
2, 19, 23
Suppose 0 = 4*o - 4*f - 23096, -o + f = -5*o + 23066. What are the prime factors of o?
2, 7, 103
Suppose 0 = 9*n - 7*n - 18. Suppose 1 = -u, n*r - 5*r + 5*u = 11. Suppose -d - r*b + 50 = -19, d - 64 = -5*b. List the prime factors of d.
89
Let h = -6242 + 12609. List the prime factors of h.
6367
Let w = 158 + -159. What are the prime factors of (-412)/(1*w) - (6 + -4)?
2, 5, 41
Let g(y) be the third derivative of -1/12*y**4 + 0 + 16*y**2 + 1/60*y**5 + 11/6*y**3 + 0*y. What are the prime factors of g(6)?
5, 7
Suppose 956165 = -31*g + 81*g - 273435. List the prime factors of g.
2, 29, 53
Suppose 3*i = 5*i - 12. Suppose -2*p = i*p - 160. Suppose 3*z - p = 85. List the prime factors of z.
5, 7
Suppose 480*i - 97*i - 20441093 = 0. What are the prime factors of i?
19, 53
List the prime factors of (-32)/28 - ((-1004175)/35)/5.
5737
Let q(a) = 394*a**2 - 8*a + 173. List the prime factors of q(5).
67, 149
Suppose 99*b - 423453 = 358944. List the prime factors of b.
7, 1129
Let q(v) = -v**3 + 2*v**2 + 5. Let c(f) = -3*f + 45. Let s be c(15). Let w be q(s). Suppose 665 = 2*j + w*j. List the prime factors of j.
5, 19
Let y(p) = 8*p**2 - 15*p**2 + 9*p + 6*p**2 - 1